st common factor of 442 and j.
34
Suppose -12*y = -25*y + 65. Suppose 2*o = -3*a - 11 + 36, y*o - 88 = a. What is the greatest common divisor of 34 and o?
17
Suppose 2*w - 4*l - 2036 = 0, 3*w - 2405 = -4*l + 599. What is the highest common factor of w and 7?
7
Suppose 0*r - 4*r = -868. Suppose -s = -2*y - 184, 1559*y = 1555*y + 4. Calculate the greatest common divisor of s and r.
31
Suppose 24*w = -13725 - 4035. Let h = w - -848. Calculate the greatest common divisor of 48 and h.
12
Suppose 432 = -2*l + 5*l. Let g = -28549 + 28567. What is the greatest common factor of l and g?
18
Let k(c) = 54*c + 36. Let d(u) = 51*u + 34. Let s(o) = -4*d(o) + 3*k(o). Let q be s(-1). Calculate the highest common factor of 518 and q.
14
Let i be -14 + 4 - -5*1. Let y(p) = p**3 - 11*p - 4. Let c be y(i). Let u = -44 - c. Calculate the highest common factor of 45 and u.
15
Suppose 0 = 6*h - 6648 - 7374. What is the greatest common factor of h and 57?
57
Suppose 55*u + 1102 = s + 58*u, 3*s - 3372 = 2*u. Calculate the greatest common factor of 100 and s.
20
Let z be 3*6/(-72) - 68/(-16). Suppose z*v = 306 - 26. Suppose 211 = 5*b + 36. What is the highest common divisor of v and b?
35
Suppose 0 = 4*h + 3*s - 352, 35*h - 33*h - 3*s = 176. Calculate the greatest common divisor of 814 and h.
22
Let f be 3/(2*4/4584). Suppose -4*l + 299 = 5*t + f, -1430 = 5*t + 2*l. Let i be ((-6)/8)/(6/t). Calculate the highest common divisor of i and 84.
12
Suppose 0 = 3*c - 8933 - 1285. What is the greatest common divisor of c and 26?
26
Let a be (-2)/(-14) + 100/35. Suppose 62 = 3*t + y - 3*y, a*y + 12 = 0. Calculate the greatest common factor of 30 and t.
6
Let s(f) = 7*f**2 - 155*f + 710. Let a be s(6). Calculate the greatest common divisor of a and 5584.
16
Let b(h) = -240*h - 669. Let p be b(-5). Calculate the highest common factor of 3894 and p.
177
Suppose 440*b + 4830 = 447*b. Calculate the greatest common factor of b and 90.
30
Suppose 661 = 5*b - 3*h - 816, -b + 301 = 5*h. Let i be b/12 + 56/(-21). Suppose -363 = 4*t - 7*t. What is the greatest common factor of t and i?
11
Suppose 33 = 5*y - 5*g - 127, 5*y + 2*g = 188. Calculate the greatest common factor of y and 12.
12
Let c(x) = -x**3 - 81*x**2 + 341*x + 165. Let z be c(-85). Calculate the greatest common divisor of 56 and z.
8
Let c(s) = -2*s**3 - 2*s**2 - 4. Let g be 0 + (4 - 3)*-4 - -1. Let p be c(g). Calculate the greatest common divisor of p and 16.
16
Let u be ((1/(-2))/(39/6084))/((-18)/27). Calculate the greatest common divisor of 108 and u.
9
Let w(o) = -47 + 6*o + 64 - 2*o + 3*o. Let a be w(5). Calculate the greatest common factor of 156 and a.
52
Let w = -59 + 57. Let f be 5 - 1 - (w - 6). Let c be (-7)/(-21) + -82*(-2)/f. What is the greatest common factor of 112 and c?
14
Let n = -14812 + 14815. What is the greatest common divisor of 45 and n?
3
Suppose -4*i + 3359 = 3*j, -2*i - 4442 = 1809*j - 1813*j. Calculate the greatest common divisor of j and 84.
21
Let c be 10*(95/25 + -4 - 4). Let g = -24 - c. Calculate the greatest common factor of 135 and g.
9
Suppose 9*f - 4158 = -0*f. Let d = -455 + f. Calculate the greatest common divisor of d and 6.
1
Suppose -4*h = 2*c - 206, -2*h + 5*c - 265 = -7*h. Suppose -4*a - 1244 = -1356. Suppose -80 = 24*d - a*d. What is the highest common factor of d and h?
10
Suppose 451 = 5*i - 589. Suppose 34*y = -972 + 2060. What is the highest common factor of y and i?
16
Let m = -435 - -501. Calculate the highest common factor of m and 3267.
33
Suppose -5*h - 385 = -5*t, 3*t + 19*h - 23*h = 227. Suppose 25 = v - 29. Calculate the highest common divisor of v and t.
27
Let u(g) = -g**3 + 2*g**2 + g + 3. Let x = 49 - 49. Let i be u(x). Suppose -121 = -i*p + 95. Calculate the highest common factor of p and 8.
8
Let h be 64/14 + 9/21. Suppose i = b + 3*b + 49, -4*i + 175 = h*b. Let o(t) = 63*t - 2196. Let n be o(35). Calculate the greatest common factor of i and n.
9
Let p(h) = 16*h**2 - 2 + 2*h - 15*h**2 - h + 5. Let f be p(-9). Calculate the highest common divisor of 45 and f.
15
Suppose -19*m + 4550 = -12*m. Calculate the highest common divisor of m and 416.
26
Suppose 4*u + 32 = -2*i, 7*i - 4*u = 11*i + 72. Let v be i/15*(-30)/4. Suppose 131 + 89 = v*b. Calculate the highest common factor of b and 110.
22
Let q(g) = -4*g**2 - 50*g + 277. Let c be q(-16). What is the greatest common divisor of 1 and c?
1
Suppose -2*o + 21 + 79 = 0. What is the highest common factor of o and 4050?
50
Suppose 5*s - 6*s = 3*q - 3, 2*q + 5*s + 11 = 0. Let l be (-424)/(-40) - q/(-5). Calculate the highest common factor of 737 and l.
11
Suppose -2*x = -2*r + 8, -r - 8 = -2*r + 3*x. Let w(v) = -r*v - 9 + 1 + 0*v - 2. Let u be w(-10). What is the greatest common factor of 40 and u?
10
Suppose -142411 - 16973 = -29*f. Calculate the highest common divisor of f and 24.
24
Suppose -3*v + 5 = -2*v. Suppose -416 - 39 = 3*b + y, -2*y = -5*b - 740. Let u = -149 - b. What is the greatest common factor of v and u?
1
Suppose 11 = 3*p - 4*a, 5*p + 1 - 30 = -4*a. Suppose -p*v = -13*v + 768. What is the greatest common factor of v and 72?
24
Let o(b) = 2*b**3 - 34*b**2 + 30. Let t be o(0). Calculate the highest common factor of 6885 and t.
15
Suppose -3*g - 6891 = -3*j, -4267 = -3*j + 4*g + 2617. What is the greatest common factor of j and 304?
16
Suppose -52*r + 1278 = 446. Let v = -32 + 72. Calculate the highest common factor of v and r.
8
Let x(n) = -3*n - 1. Let j be x(-2). Suppose -35 = -j*q - 0*q. Let r be (-682)/(-14) + 26/91. Calculate the highest common factor of q and r.
7
Suppose 0 = -5*c - 4*l + 135, 3*c - 2*l - 54 = l. Let x = c + 10. Suppose 10*i + i = x. What is the highest common divisor of 15 and i?
3
Let d = -5224 + 856. Let p be d/(-49) + (-12)/(-14). Calculate the greatest common factor of p and 20.
10
Let t(c) = -c**2 - 882*c + 14433. Let n be t(16). Let s = 2226 + -1186. What is the highest common divisor of s and n?
65
Suppose 11*w - 941 = -2*n + 20*w, 0 = 5*n - 5*w - 2405. Calculate the highest common divisor of 132 and n.
44
Let g = 712 + -1470. Let x = -718 - g. Calculate the greatest common divisor of x and 10.
10
Suppose 981*s - 7488 = 972*s. Calculate the highest common divisor of 64 and s.
64
Suppose -4302 = 6*t - 516. Let j = -576 - t. What is the greatest common factor of j and 935?
55
Let s = -167 - -174. Suppose -5*g + 7*b = 10*b + s, 2*g - 18 = 4*b. What is the highest common divisor of 5 and g?
1
Suppose -22 = -2*s - 6. Let b(i) = -i. Let j(c) = c**2 - 3*c + 17. Let f(y) = 6*b(y) + j(y). Let g be f(s). What is the greatest common divisor of 18 and g?
9
Let s = 58115 + -31870. What is the greatest common divisor of s and 145?
145
Suppose 5*b - 4*j - 6910 = 0, 75*b + 2792 = 77*b + 4*j. What is the greatest common divisor of b and 374?
22
Let q = -10 + -31. Let a = q - -45. Suppose 164 = 2*g + a. Calculate the greatest common divisor of 8 and g.
8
Suppose -22*a = -17*a + 7*b - 266, -32 = -4*b. What is the greatest common factor of a and 192?
6
Suppose -w - 15 = -5*h, -33 = -5*h + h + 5*w. Let g = -4305 - -4311. Calculate the greatest common divisor of h and g.
2
Let s(o) = 91*o - 1332. Let g be s(15). What is the highest common factor of g and 9?
3
Let t be (2 + 160)/(2*30/200). Calculate the highest common factor of 972 and t.
108
Suppose 16*k = 4 + 92. Let f be (-1340)/(-75) + 0 + k/45. Let u = -24 - -78. What is the highest common divisor of f and u?
18
Let t be ((-45700)/15)/(-10) - (-12)/9. Calculate the highest common divisor of t and 2907.
153
Suppose -11*a = 219 - 54. Let v = a + 114. Let p = -94 + v. What is the greatest common factor of p and 85?
5
Suppose 0*n = 2*n - 14. Let t be (22 - (13 + -2)) + -4. What is the greatest common factor of n and t?
7
Suppose 21*k = 20*k + 5*c - 8, -48 = -3*k - 3*c. What is the greatest common divisor of k and 7624?
4
Let y be ((-3)/(-2))/(9/300). Let b = y - 44. Let g be 4 + b + (2 - 0). Calculate the highest common factor of 12 and g.
12
Let u = 119 + -60. Let w = 61 - u. Let f be (8/6)/(w/9). Calculate the highest common factor of 66 and f.
6
Let b = -58 - -63. Let a(d) = -36 + 45 - b*d + d. Let o be a(0). What is the greatest common divisor of 81 and o?
9
Let a(s) = s**2 + 48 - 169 + s - 207 + 52. Let m be a(17). Suppose -i = -2*t - 